{"id":40,"date":"2020-01-17T15:26:20","date_gmt":"2020-01-17T15:26:20","guid":{"rendered":"https:\/\/demo.themeisle.com\/neve-web-agency\/?page_id=29"},"modified":"2021-11-05T22:07:48","modified_gmt":"2021-11-05T21:07:48","slug":"offres","status":"publish","type":"page","link":"https:\/\/www.hashdezo.fr\/index.php\/offres\/","title":{"rendered":"Nos offres"},"content":{"rendered":"\t\t<div data-elementor-type=\"wp-page\" data-elementor-id=\"40\" class=\"elementor elementor-40\">\n\t\t\t\t\t\t<section class=\"elementor-section elementor-top-section elementor-element elementor-element-2e1c32a elementor-section-boxed elementor-section-height-default elementor-section-height-default\" data-id=\"2e1c32a\" data-element_type=\"section\" data-e-type=\"section\">\n\t\t\t\t\t\t<div class=\"elementor-container elementor-column-gap-default\">\n\t\t\t\t\t<div class=\"elementor-column elementor-col-100 elementor-top-column elementor-element elementor-element-6908381\" data-id=\"6908381\" data-element_type=\"column\" data-e-type=\"column\">\n\t\t\t<div class=\"elementor-widget-wrap elementor-element-populated\">\n\t\t\t\t\t\t<div class=\"elementor-element elementor-element-839b6d8 elementor-widget elementor-widget-heading\" data-id=\"839b6d8\" data-element_type=\"widget\" data-e-type=\"widget\" data-widget_type=\"heading.default\">\n\t\t\t\t<div class=\"elementor-widget-container\">\n\t\t\t\t\t<h1 class=\"elementor-heading-title elementor-size-default\">Nos services<\/h1>\t\t\t\t<\/div>\n\t\t\t\t<\/div>\n\t\t\t\t\t<\/div>\n\t\t<\/div>\n\t\t\t\t\t<\/div>\n\t\t<\/section>\n\t\t\t\t<section class=\"elementor-section elementor-top-section elementor-element elementor-element-1a9919f elementor-section-boxed elementor-section-height-default elementor-section-height-default\" data-id=\"1a9919f\" data-element_type=\"section\" data-e-type=\"section\" data-settings=\"{&quot;background_background&quot;:&quot;classic&quot;}\">\n\t\t\t\t\t\t<div class=\"elementor-container elementor-column-gap-default\">\n\t\t\t\t\t<div class=\"elementor-column elementor-col-100 elementor-top-column elementor-element elementor-element-2001fdc\" data-id=\"2001fdc\" data-element_type=\"column\" data-e-type=\"column\">\n\t\t\t<div class=\"elementor-widget-wrap elementor-element-populated\">\n\t\t\t\t\t\t<section class=\"elementor-section elementor-inner-section elementor-element elementor-element-9b00e11 elementor-section-full_width elementor-section-height-default elementor-section-height-default\" data-id=\"9b00e11\" data-element_type=\"section\" data-e-type=\"section\">\n\t\t\t\t\t\t<div class=\"elementor-container elementor-column-gap-default\">\n\t\t\t\t\t<div class=\"elementor-column elementor-col-100 elementor-inner-column elementor-element elementor-element-2f2a2aa\" data-id=\"2f2a2aa\" data-element_type=\"column\" data-e-type=\"column\">\n\t\t\t<div class=\"elementor-widget-wrap elementor-element-populated\">\n\t\t\t\t\t\t<div class=\"elementor-element elementor-element-b6dc3ab elementor-view-default elementor-widget elementor-widget-icon\" data-id=\"b6dc3ab\" data-element_type=\"widget\" data-e-type=\"widget\" data-widget_type=\"icon.default\">\n\t\t\t\t<div class=\"elementor-widget-container\">\n\t\t\t\t\t\t\t<div class=\"elementor-icon-wrapper\">\n\t\t\t<div class=\"elementor-icon\">\n\t\t\t<svg xmlns=\"http:\/\/www.w3.org\/2000\/svg\" id=\"hana\" viewBox=\"0 0 56 56\"><defs><style>.cls-1{fill:#0a6ed1;}.cls-2{fill:#053b70;}.cls-3{fill:#074d92;}<\/style><\/defs><title>hana_circle<\/title><path class=\"cls-1\" d=\"M40.417,24.694a4.226,4.226,0,0,0-1.524-1.062,13.074,13.074,0,0,0-5.144-.882,13.07,13.07,0,0,0-5.144.882,4.209,4.209,0,0,0-1.524,1.062,2.2,2.2,0,0,0-.583,1.47V38.547a2.123,2.123,0,0,0,.583,1.467A4.138,4.138,0,0,0,28.6,41.076,12.345,12.345,0,0,0,33.749,42a13.074,13.074,0,0,0,5.144-.882,4.226,4.226,0,0,0,1.524-1.062A2.289,2.289,0,0,0,41,38.586V26.164A2.2,2.2,0,0,0,40.417,24.694ZM35.38,40.352c-.522.049-1.061.083-1.631.083a16.787,16.787,0,0,1-1.987-.122V29.5a19.228,19.228,0,0,0,1.987.1c.571,0,1.111-.03,1.631-.074Zm4.18-1.766c0,.408-.534.851-1.431,1.187a8.442,8.442,0,0,1-1.3.363V29.323a7.947,7.947,0,0,0,2.731-.959ZM38.129,27.408a12.583,12.583,0,0,1-4.38.663,12.548,12.548,0,0,1-4.377-.663c-.888-.379-1.4-.826-1.4-1.226v-.018c0-.755,2.056-1.85,5.774-1.85,3.743,0,5.811,1.095,5.811,1.87C39.56,26.587,39.038,27.034,38.129,27.408Z\"><\/path><path class=\"cls-2\" d=\"M24.84,27.992H17.906a3.143,3.143,0,0,1-.977-6.134l1.346-.443-.153-1.408A4.733,4.733,0,0,1,19,16.924a3.8,3.8,0,0,1,2.819-1.173A3.534,3.534,0,0,1,25.235,18.1L26,20.023l1.767-1.066a2.287,2.287,0,0,1,1.192-.345,2.326,2.326,0,0,1,2.283,1.9l.093.493h1.749c-.027-.256-.063-.528-.122-.817a4.049,4.049,0,0,0-6.1-2.725A5.514,5.514,0,0,0,21.782,14c-5.945.141-5.4,6.2-5.4,6.2a4.893,4.893,0,0,0,1.524,9.547H24.84Z\"><\/path><path class=\"cls-3\" d=\"M28,6A22,22,0,1,1,6,28,22.025,22.025,0,0,1,28,6m0-2A24,24,0,1,0,52,28,24,24,0,0,0,28,4Z\"><\/path><\/svg>\t\t\t<\/div>\n\t\t<\/div>\n\t\t\t\t\t\t<\/div>\n\t\t\t\t<\/div>\n\t\t\t\t<div class=\"elementor-element elementor-element-9cde010 elementor-widget-divider--view-line elementor-widget elementor-widget-divider\" data-id=\"9cde010\" data-element_type=\"widget\" data-e-type=\"widget\" data-widget_type=\"divider.default\">\n\t\t\t\t<div class=\"elementor-widget-container\">\n\t\t\t\t\t\t\t<div class=\"elementor-divider\">\n\t\t\t<span class=\"elementor-divider-separator\">\n\t\t\t\t\t\t<\/span>\n\t\t<\/div>\n\t\t\t\t\t\t<\/div>\n\t\t\t\t<\/div>\n\t\t\t\t<div class=\"elementor-element elementor-element-d1f18a0 elementor-widget elementor-widget-heading\" data-id=\"d1f18a0\" data-element_type=\"widget\" data-e-type=\"widget\" data-widget_type=\"heading.default\">\n\t\t\t\t<div class=\"elementor-widget-container\">\n\t\t\t\t\t<h3 class=\"elementor-heading-title elementor-size-default\">Conseil et Architecture : <br>Construisons ensemble la strat\u00e9gie de demain<\/h3>\t\t\t\t<\/div>\n\t\t\t\t<\/div>\n\t\t\t\t<div class=\"elementor-element elementor-element-817caf1 elementor-widget elementor-widget-text-editor\" data-id=\"817caf1\" data-element_type=\"widget\" data-e-type=\"widget\" data-widget_type=\"text-editor.default\">\n\t\t\t\t<div class=\"elementor-widget-container\">\n\t\t\t\t\t\t\t\t\t<p><strong><em>HASHdezO accompagne ses clients dans la d\u00e9finition des architectures IT. Nous b\u00e2tissons ensemble des fondations fiables et durables qui permettent aux soci\u00e9t\u00e9s d&rsquo;envisager sereinement l&rsquo;avenir dans un monde digital mais toujours humain.<\/em><\/strong><\/p><p><u style=\"color: var(--nv-text-color); font-family: Poppins, var(--nv-fallback-ff);\">Audit technique<\/u><span style=\"color: var(--nv-text-color); font-family: Poppins, var(--nv-fallback-ff);\"> : Expertise et optimisation sur les environnements SAP (BW, HANA, Technique, &#8230;)<\/span><\/p><p><u>Conseil strat\u00e9gique<\/u>\u00a0: Accompagnement sur les diff\u00e9rents besoins m\u00e9tiers et IT<u><br \/><\/u><\/p><p><u>Roadmaps IT<\/u> : <span style=\"box-sizing: border-box; margin: 0px; padding: 0px; border: 0px; outline: 0px; font-size: 16px; text-size-adjust: 100%; vertical-align: baseline; background: 0px 0px;\" data-sheets-value=\"{\"> Evaluation des roadmaps IT par rapport aux attentes des m\u00e9tiers et des objectifs business.<\/span><\/p><p><span style=\"background-color: initial; color: var(--nv-text-color); font-family: Poppins, var(--nv-fallback-ff);\"><u>Innovation \/ Lab<\/u> :\u00a0<\/span><span style=\"color: var(--nv-text-color); font-family: Poppins, var(--nv-fallback-ff);\">Expertise autour des solutions SAP et des principaux hyperscalers (AWS, GCP, Azure).<\/span><\/p>\t\t\t\t\t\t\t\t<\/div>\n\t\t\t\t<\/div>\n\t\t\t\t\t<\/div>\n\t\t<\/div>\n\t\t\t\t\t<\/div>\n\t\t<\/section>\n\t\t\t\t<section class=\"elementor-section elementor-inner-section elementor-element elementor-element-aa148d9 elementor-section-boxed elementor-section-height-default elementor-section-height-default\" data-id=\"aa148d9\" data-element_type=\"section\" data-e-type=\"section\">\n\t\t\t\t\t\t<div class=\"elementor-container elementor-column-gap-default\">\n\t\t\t\t\t<div class=\"elementor-column elementor-col-100 elementor-inner-column elementor-element elementor-element-4932c8a\" data-id=\"4932c8a\" data-element_type=\"column\" data-e-type=\"column\">\n\t\t\t<div class=\"elementor-widget-wrap elementor-element-populated\">\n\t\t\t\t\t\t<div class=\"elementor-element elementor-element-aba6b27 elementor-view-default elementor-widget elementor-widget-icon\" data-id=\"aba6b27\" data-element_type=\"widget\" data-e-type=\"widget\" data-widget_type=\"icon.default\">\n\t\t\t\t<div class=\"elementor-widget-container\">\n\t\t\t\t\t\t\t<div class=\"elementor-icon-wrapper\">\n\t\t\t<div class=\"elementor-icon\">\n\t\t\t<svg xmlns=\"http:\/\/www.w3.org\/2000\/svg\" id=\"sap-application-studio_former_Web_IDE_\" data-name=\"sap-application-studio (former Web IDE)\" viewBox=\"0 0 56 56\"><defs><style>.cls-1{fill:#074d92;}.cls-2{fill:#053b70;}.cls-3{fill:#0a6ed1;}<\/style><\/defs><title>sap-application-studio_circle<\/title><path class=\"cls-1\" d=\"M28,6A22,22,0,1,1,6,28,22.025,22.025,0,0,1,28,6m0-2A24,24,0,1,0,52,28,24,24,0,0,0,28,4Z\"><\/path><polygon class=\"cls-2\" points=\"29.249 24.812 28.335 24.232 27.427 23.656 27.168 23.492 26.863 23.301 26.546 23.469 15.978 29.064 15.678 29.224 15.649 29.561 15.539 30.842 15.443 31.967 16.444 31.447 28.289 25.309 29.249 24.812\"><\/polygon><polygon class=\"cls-2\" points=\"16.766 27.365 24.847 23.119 25.802 22.617 24.891 22.041 23.755 21.324 23.455 21.134 23.138 21.299 16.312 24.837 16.009 24.994 15.98 25.336 15.856 26.762 15.756 27.893 15.758 27.893 16.766 27.365\"><\/polygon><polygon class=\"cls-2\" points=\"31.339 33.175 30.332 33.7 31.319 34.265 32.562 34.976 32.858 35.146 33.161 34.986 39.956 31.393 40.271 31.227 40.285 30.871 40.343 29.53 40.391 28.453 39.435 28.952 31.339 33.175\"><\/polygon><polygon class=\"cls-2\" points=\"26.81 31.638 26.811 31.637 26.81 31.636 26.81 31.638\"><\/polygon><polygon class=\"cls-2\" points=\"39.599 24.874 27.808 31.109 26.811 31.637 27.79 32.197 28.905 32.84 29.199 33.007 29.499 32.852 40.119 27.354 40.438 27.189 40.455 26.83 40.467 26.524 40.511 25.448 40.557 24.368 39.599 24.874\"><\/polygon><polygon class=\"cls-3\" points=\"22.11 30.088 21.813 29.916 21.511 30.073 20.241 30.732 19.231 31.256 20.216 31.824 28.127 36.371 29.062 36.909 29.062 35.832 29.062 34.133 28.753 33.952 22.11 30.088\"><\/polygon><polygon class=\"cls-3\" points=\"18.361 32.071 18.067 31.903 17.766 32.058 16.625 32.653 15.624 33.175 15.622 33.179 16.598 33.747 28.127 40.457 29.062 41 29.062 38.178 28.749 37.999 18.361 32.071\"><\/polygon><polygon class=\"cls-3\" points=\"28.078 19.714 27.125 19.093 27.114 19.093 27.114 20.23 27.102 21.662 27.102 22.004 27.39 22.188 33.847 26.364 34.145 26.557 34.464 26.395 35.662 25.784 36.623 25.297 35.722 24.708 28.078 19.714\"><\/polygon><polygon class=\"cls-3\" points=\"39.357 22.854 28.146 15.62 27.199 15.008 27.185 15 27.185 16.129 27.172 17.416 27.172 17.754 27.456 17.94 37.446 24.511 37.749 24.719 38.07 24.555 38.343 24.416 39.301 23.929 40.264 23.44 39.357 22.854\"><\/polygon><\/svg>\t\t\t<\/div>\n\t\t<\/div>\n\t\t\t\t\t\t<\/div>\n\t\t\t\t<\/div>\n\t\t\t\t<div class=\"elementor-element elementor-element-e60df6f elementor-widget-divider--view-line elementor-widget elementor-widget-divider\" data-id=\"e60df6f\" data-element_type=\"widget\" data-e-type=\"widget\" data-widget_type=\"divider.default\">\n\t\t\t\t<div class=\"elementor-widget-container\">\n\t\t\t\t\t\t\t<div class=\"elementor-divider\">\n\t\t\t<span class=\"elementor-divider-separator\">\n\t\t\t\t\t\t<\/span>\n\t\t<\/div>\n\t\t\t\t\t\t<\/div>\n\t\t\t\t<\/div>\n\t\t\t\t<div class=\"elementor-element elementor-element-76cdd69 elementor-widget elementor-widget-heading\" data-id=\"76cdd69\" data-element_type=\"widget\" data-e-type=\"widget\" data-widget_type=\"heading.default\">\n\t\t\t\t<div class=\"elementor-widget-container\">\n\t\t\t\t\t<h3 class=\"elementor-heading-title elementor-size-default\">R\u00e9alisation :<br>Mettons en oeuvre les meilleures solutions pour vos m\u00e9tiers<\/h3>\t\t\t\t<\/div>\n\t\t\t\t<\/div>\n\t\t\t\t<div class=\"elementor-element elementor-element-7ec204f elementor-widget elementor-widget-text-editor\" data-id=\"7ec204f\" data-element_type=\"widget\" data-e-type=\"widget\" data-widget_type=\"text-editor.default\">\n\t\t\t\t<div class=\"elementor-widget-container\">\n\t\t\t\t\t\t\t\t\t<p><strong><em>HASHdezO assiste ses clients dans la mise en oeuvre et l&rsquo;optimisation des applications SAP, Google Cloud et AWS.<\/em><\/strong><\/p><p><span style=\"text-decoration: underline;\">SAP Analytics<\/span> : Projets et expertise sur les applications SAP Analytics Cloud, BI 4.x, SAP BW &amp; BW\/4HANA.<\/p><p><span style=\"text-decoration: underline;\">Google Cloud Platform<\/span> : Projets et expertise sur la mise en oeuvre de solutions autour de Google Cloud Storage, BigQuery, Vertex AI &amp; Looker sur des donn\u00e9es SAP et non SAP.<\/p><p><span style=\"text-decoration: underline;\">Amazon Web Services<\/span> :\u00a0<span style=\"color: var(--nv-text-color); font-family: Poppins, var(--nv-fallback-ff);\">Projets et expertise sur la mise en oeuvre de solutions autour de<\/span><span style=\"color: var(--nv-text-color); font-family: Poppins, var(--nv-fallback-ff);\"> S3, Redshift, Lake Formation &amp; Quicksight.<\/span><\/p>\t\t\t\t\t\t\t\t<\/div>\n\t\t\t\t<\/div>\n\t\t\t\t\t<\/div>\n\t\t<\/div>\n\t\t\t\t\t<\/div>\n\t\t<\/section>\n\t\t\t\t<section class=\"elementor-section elementor-inner-section elementor-element elementor-element-2d7ac7c elementor-section-boxed elementor-section-height-default elementor-section-height-default\" data-id=\"2d7ac7c\" data-element_type=\"section\" data-e-type=\"section\">\n\t\t\t\t\t\t<div class=\"elementor-container elementor-column-gap-default\">\n\t\t\t\t\t<div class=\"elementor-column elementor-col-100 elementor-inner-column elementor-element elementor-element-cdf785a\" data-id=\"cdf785a\" data-element_type=\"column\" data-e-type=\"column\">\n\t\t\t<div class=\"elementor-widget-wrap elementor-element-populated\">\n\t\t\t\t\t\t<div class=\"elementor-element elementor-element-ff77d9d elementor-view-default elementor-widget elementor-widget-icon\" data-id=\"ff77d9d\" data-element_type=\"widget\" data-e-type=\"widget\" data-widget_type=\"icon.default\">\n\t\t\t\t<div class=\"elementor-widget-container\">\n\t\t\t\t\t\t\t<div class=\"elementor-icon-wrapper\">\n\t\t\t<div class=\"elementor-icon\">\n\t\t\t<svg xmlns=\"http:\/\/www.w3.org\/2000\/svg\" id=\"blockchain-services\" viewBox=\"0 0 56 56\"><defs><style>.cls-1{fill:#074d92;}.cls-2{fill:#053b70;}.cls-3{fill:#0a6ed1;}<\/style><\/defs><title>blockchain-services_circle<\/title><path class=\"cls-1\" d=\"M28,6A22,22,0,1,1,6,28,22.025,22.025,0,0,1,28,6m0-2A24,24,0,1,0,52,28,24,24,0,0,0,28,4Z\"><\/path><polygon class=\"cls-2\" points=\"35 33.603 35 35.995 32.853 37.215 32.853 39.228 36.75 37.014 36.75 32.609 35 33.603\"><\/polygon><polygon class=\"cls-2\" points=\"25.443 25.176 23.221 26.438 21 25.176 21 22.772 19.25 21.777 19.25 26.194 23.221 28.451 27.193 26.194 27.193 21.777 25.443 22.772 25.443 25.176\"><\/polygon><polygon class=\"cls-2\" points=\"21 33.603 19.25 32.609 19.25 37.014 23.159 39.235 23.159 37.222 21 35.995 21 33.603\"><\/polygon><polygon class=\"cls-2\" points=\"27.997 23.893 30.212 25.283 31.86 24.347 27.997 21.777 27.997 23.893\"><\/polygon><path class=\"cls-3\" d=\"M27.193,20.771V16.257L23.221,14,19.25,16.257v4.514l3.971,2.257ZM21,17.275l2.221-1.262,2.222,1.262v2.478l-2.222,1.262L21,19.753Z\"><\/path><polygon class=\"cls-3\" points=\"27.193 27.2 25.443 28.195 25.443 30.584 23.221 31.846 21 30.584 21 28.195 19.25 27.2 19.25 31.602 23.221 33.859 27.193 31.602 27.193 27.2\"><\/polygon><path class=\"cls-3\" d=\"M24.034,35.229v4.513L28.005,42l3.973-2.258V35.229l-3.973-2.257Zm6.194,1.019v2.476l-2.223,1.263-2.221-1.263V36.247l2.221-1.262Z\"><\/path><path class=\"cls-3\" d=\"M32.779,24.831l-3.972,2.257V31.6l3.972,2.257L36.75,31.6V27.088ZM35,30.584l-2.221,1.262-2.222-1.262V28.106l2.222-1.262L35,28.106Z\"><\/path><\/svg>\t\t\t<\/div>\n\t\t<\/div>\n\t\t\t\t\t\t<\/div>\n\t\t\t\t<\/div>\n\t\t\t\t<div class=\"elementor-element elementor-element-232cf62 elementor-widget-divider--view-line elementor-widget elementor-widget-divider\" data-id=\"232cf62\" data-element_type=\"widget\" data-e-type=\"widget\" data-widget_type=\"divider.default\">\n\t\t\t\t<div class=\"elementor-widget-container\">\n\t\t\t\t\t\t\t<div class=\"elementor-divider\">\n\t\t\t<span class=\"elementor-divider-separator\">\n\t\t\t\t\t\t<\/span>\n\t\t<\/div>\n\t\t\t\t\t\t<\/div>\n\t\t\t\t<\/div>\n\t\t\t\t<div class=\"elementor-element elementor-element-fdb6344 elementor-widget elementor-widget-heading\" data-id=\"fdb6344\" data-element_type=\"widget\" data-e-type=\"widget\" data-widget_type=\"heading.default\">\n\t\t\t\t<div class=\"elementor-widget-container\">\n\t\t\t\t\t<h3 class=\"elementor-heading-title elementor-size-default\"><a href=\"#\">Formation :<br>Vous formez pour tirer le plein b\u00e9n\u00e9fice de vos applications<\/a><\/h3>\t\t\t\t<\/div>\n\t\t\t\t<\/div>\n\t\t\t\t<div class=\"elementor-element elementor-element-1aa8e98 elementor-widget elementor-widget-text-editor\" data-id=\"1aa8e98\" data-element_type=\"widget\" data-e-type=\"widget\" data-widget_type=\"text-editor.default\">\n\t\t\t\t<div class=\"elementor-widget-container\">\n\t\t\t\t\t\t\t\t\t<p><strong><em>HASHdezO, fort de son expertise en \u00e9ducation, vous accompagne dans les plans de formation de vos \u00e9quipes projets et utilisateurs afin de b\u00e9n\u00e9ficier de l&rsquo;ensemble des fonctionnalit\u00e9s de vos solutions.<\/em><\/strong><\/p>\n<p><span style=\"text-decoration: underline;\">Initiation<\/span> : Pr\u00e9sentation et s<span style=\"color: var(--nv-text-color); font-family: Poppins, var(--nv-fallback-ff);\">ensibilisation des \u00e9quipes m\u00e9tiers,&nbsp;<\/span><span style=\"color: var(--nv-text-color); font-family: Poppins, var(--nv-fallback-ff);\">D\u00e9couverte du cloud pour vos \u00e9quipes.<\/span><\/p>\n<p><span style=\"text-decoration: underline;\">Perfectionnement<\/span> : Expertise des solutions SAP, Google Cloud Platform &amp; Amazon Web Services.<\/p>\t\t\t\t\t\t\t\t<\/div>\n\t\t\t\t<\/div>\n\t\t\t\t\t<\/div>\n\t\t<\/div>\n\t\t\t\t\t<\/div>\n\t\t<\/section>\n\t\t\t\t\t<\/div>\n\t\t<\/div>\n\t\t\t\t\t<\/div>\n\t\t<\/section>\n\t\t\t\t<section class=\"elementor-section elementor-top-section elementor-element elementor-element-a3580f3 elementor-section-boxed elementor-section-height-default elementor-section-height-default\" data-id=\"a3580f3\" data-element_type=\"section\" data-e-type=\"section\">\n\t\t\t\t\t\t<div class=\"elementor-container elementor-column-gap-default\">\n\t\t\t\t\t<div class=\"elementor-column elementor-col-100 elementor-top-column elementor-element elementor-element-00a49c9\" data-id=\"00a49c9\" data-element_type=\"column\" data-e-type=\"column\">\n\t\t\t<div class=\"elementor-widget-wrap elementor-element-populated\">\n\t\t\t\t\t\t<div class=\"elementor-element elementor-element-1be92b7 elementor-button-warning elementor-align-center elementor-widget elementor-widget-button\" data-id=\"1be92b7\" data-element_type=\"widget\" data-e-type=\"widget\" data-widget_type=\"button.default\">\n\t\t\t\t<div class=\"elementor-widget-container\">\n\t\t\t\t\t\t\t\t\t<div class=\"elementor-button-wrapper\">\n\t\t\t\t\t<a class=\"elementor-button elementor-button-link elementor-size-lg\" href=\"https:\/\/www.hashdezo.fr\/index.php\/contact\/\">\n\t\t\t\t\t\t<span class=\"elementor-button-content-wrapper\">\n\t\t\t\t\t\t<span class=\"elementor-button-icon\">\n\t\t\t\t<i aria-hidden=\"true\" class=\"far fa-envelope\"><\/i>\t\t\t<\/span>\n\t\t\t\t\t\t\t\t\t<span class=\"elementor-button-text\">Nous contacter<\/span>\n\t\t\t\t\t<\/span>\n\t\t\t\t\t<\/a>\n\t\t\t\t<\/div>\n\t\t\t\t\t\t\t\t<\/div>\n\t\t\t\t<\/div>\n\t\t\t\t\t<\/div>\n\t\t<\/div>\n\t\t\t\t\t<\/div>\n\t\t<\/section>\n\t\t\t\t<section class=\"elementor-section elementor-top-section elementor-element elementor-element-f72cf65 elementor-section-boxed elementor-section-height-default elementor-section-height-default\" data-id=\"f72cf65\" data-element_type=\"section\" data-e-type=\"section\">\n\t\t\t\t\t\t<div class=\"elementor-container elementor-column-gap-default\">\n\t\t\t\t\t<div class=\"elementor-column elementor-col-100 elementor-top-column elementor-element elementor-element-71c509c\" data-id=\"71c509c\" data-element_type=\"column\" data-e-type=\"column\">\n\t\t\t<div class=\"elementor-widget-wrap\">\n\t\t\t\t\t\t\t<\/div>\n\t\t<\/div>\n\t\t\t\t\t<\/div>\n\t\t<\/section>\n\t\t\t\t<section class=\"elementor-section elementor-top-section elementor-element elementor-element-2c7a5fe elementor-section-boxed elementor-section-height-default elementor-section-height-default\" data-id=\"2c7a5fe\" data-element_type=\"section\" data-e-type=\"section\" data-settings=\"{&quot;background_background&quot;:&quot;classic&quot;}\">\n\t\t\t\t\t\t<div class=\"elementor-container elementor-column-gap-default\">\n\t\t\t\t\t<div class=\"elementor-column elementor-col-100 elementor-top-column elementor-element elementor-element-af0d17d\" data-id=\"af0d17d\" data-element_type=\"column\" data-e-type=\"column\" data-settings=\"{&quot;background_background&quot;:&quot;classic&quot;}\">\n\t\t\t<div class=\"elementor-widget-wrap elementor-element-populated\">\n\t\t\t\t\t\t<div class=\"elementor-element elementor-element-5f994cd elementor-widget elementor-widget-testimonial\" data-id=\"5f994cd\" data-element_type=\"widget\" data-e-type=\"widget\" data-widget_type=\"testimonial.default\">\n\t\t\t\t<div class=\"elementor-widget-container\">\n\t\t\t\t\t\t\t<div class=\"elementor-testimonial-wrapper\">\n\t\t\t\t\t\t\t<div class=\"elementor-testimonial-content\">HashdezO, c'est aujourd'hui une exp\u00e9rience de plus de 20 ans dans le monde du conseil et de l'int\u00e9gration de solutions SAP.<\/div>\n\t\t\t\n\t\t\t\t\t\t<div class=\"elementor-testimonial-meta elementor-has-image elementor-testimonial-image-position-aside\">\n\t\t\t\t<div class=\"elementor-testimonial-meta-inner\">\n\t\t\t\t\t\t\t\t\t\t\t<div class=\"elementor-testimonial-image\">\n\t\t\t\t\t\t\t<img decoding=\"async\" width=\"105\" height=\"150\" src=\"https:\/\/www.hashdezo.fr\/wp-content\/uploads\/2020\/03\/Symbole-105x150.jpg\" class=\"attachment-thumbnail size-thumbnail wp-image-53\" alt=\"\" \/>\t\t\t\t\t\t<\/div>\n\t\t\t\t\t\n\t\t\t\t\t\t\t\t\t\t<div class=\"elementor-testimonial-details\">\n\t\t\t\t\t\t\t\t\t\t\t\t\t\t<div class=\"elementor-testimonial-name\">HASHdezO<\/div>\n\t\t\t\t\t\t\t\t\t\t\t\t\t\t\t\t\t\t\t\t\t\t<div class=\"elementor-testimonial-job\">Janvier 2021<\/div>\n\t\t\t\t\t\t\t\t\t\t\t\t\t<\/div>\n\t\t\t\t\t\t\t\t\t<\/div>\n\t\t\t<\/div>\n\t\t\t\t\t<\/div>\n\t\t\t\t\t\t<\/div>\n\t\t\t\t<\/div>\n\t\t\t\t\t<\/div>\n\t\t<\/div>\n\t\t\t\t\t<\/div>\n\t\t<\/section>\n\t\t\t\t<\/div>\n\t\t","protected":false},"excerpt":{"rendered":"<p>Nos services hana_circle Conseil et Architecture : Construisons ensemble la strat\u00e9gie de demain HASHdezO accompagne ses clients dans la d\u00e9finition des architectures IT. Nous b\u00e2tissons ensemble des fondations fiables et durables qui permettent aux soci\u00e9t\u00e9s d&rsquo;envisager sereinement l&rsquo;avenir dans un monde digital mais toujours humain. Audit technique : Expertise et optimisation sur les environnements SAP&hellip;&nbsp;<a href=\"https:\/\/www.hashdezo.fr\/index.php\/offres\/\" rel=\"bookmark\">Lire la suite &raquo;<span class=\"screen-reader-text\">Nos offres<\/span><\/a><\/p>\n","protected":false},"author":1,"featured_media":0,"parent":0,"menu_order":0,"comment_status":"closed","ping_status":"closed","template":"elementor_header_footer","meta":{"neve_meta_sidebar":"full-width","neve_meta_container":"","neve_meta_enable_content_width":"on","neve_meta_content_width":100,"neve_meta_title_alignment":"","neve_meta_author_avatar":"","neve_post_elements_order":"","neve_meta_disable_header":"","neve_meta_disable_footer":"","neve_meta_disable_title":"","_themeisle_gutenberg_block_has_review":false,"footnotes":""},"class_list":["post-40","page","type-page","status-publish","hentry"],"_links":{"self":[{"href":"https:\/\/www.hashdezo.fr\/index.php\/wp-json\/wp\/v2\/pages\/40","targetHints":{"allow":["GET"]}}],"collection":[{"href":"https:\/\/www.hashdezo.fr\/index.php\/wp-json\/wp\/v2\/pages"}],"about":[{"href":"https:\/\/www.hashdezo.fr\/index.php\/wp-json\/wp\/v2\/types\/page"}],"author":[{"embeddable":true,"href":"https:\/\/www.hashdezo.fr\/index.php\/wp-json\/wp\/v2\/users\/1"}],"replies":[{"embeddable":true,"href":"https:\/\/www.hashdezo.fr\/index.php\/wp-json\/wp\/v2\/comments?post=40"}],"version-history":[{"count":66,"href":"https:\/\/www.hashdezo.fr\/index.php\/wp-json\/wp\/v2\/pages\/40\/revisions"}],"predecessor-version":[{"id":600,"href":"https:\/\/www.hashdezo.fr\/index.php\/wp-json\/wp\/v2\/pages\/40\/revisions\/600"}],"wp:attachment":[{"href":"https:\/\/www.hashdezo.fr\/index.php\/wp-json\/wp\/v2\/media?parent=40"}],"curies":[{"name":"wp","href":"https:\/\/api.w.org\/{rel}","templated":true}]}}